 + 167*d**2 + 55*d - 43. Determine p(56).
-99
Let a(p) = p**3 - 6*p**2 + 3*p + 12. Calculate a(4).
-8
Let u(i) = -2*i**3 + 27*i - 10. What is u(-4)?
10
Let s(h) = 5*h**3 - 1080*h**2 + 6*h - 1285. Determine s(216).
11
Let a(w) = -2*w**2 + 9*w + 372. Calculate a(16).
4
Let j(k) = 3*k**3 + 3*k**2 + 100*k + 97. Calculate j(-1).
-3
Let d(b) = 3*b**3 + 75*b**2 + 303*b + 66. Give d(-20).
6
Let b(p) = -230*p**2 - 3918*p - 128. Calculate b(-17).
8
Let k(g) = g**2 - 7*g - 82. Calculate k(15).
38
Let n(r) = r**3 - 35*r**2 + 39*r - 171. Give n(34).
-1
Let j(y) = 29*y**2 - 224*y - 61. Calculate j(8).
3
Let a(i) = -i**2 - 38*i + 293. Determine a(-43).
78
Let t(u) = -800*u + 21600. What is t(27)?
0
Let w(d) = -13*d + 742. Give w(72).
-194
Let g(f) = -114*f + 1505. Determine g(13).
23
Let f(y) = -y**3 + 17*y**2 - 50*y - 70. Determine f(12).
50
Let q(s) = -49*s - 610. Give q(-12).
-22
Let b(d) = -36*d - 853. Calculate b(-26).
83
Let y(a) = -3452*a - 13815. Calculate y(-4).
-7
Let m(q) = -9*q**2 + 66*q - 10. Determine m(7).
11
Let c(f) = -f**2 + 23*f + 159. Determine c(-6).
-15
Let u(q) = -q**2 + 16*q + 10. Calculate u(12).
58
Let i(x) = -2*x**2 + 89*x + 5570. Calculate i(-35).
5
Let p(q) = -q**2 + 29*q - 13. What is p(0)?
-13
Let f(w) = -10*w**3 - 131*w**2 - 19*w - 123. What is f(-13)?
-45
Let u(k) = -12*k**2 - 6*k + 21. Give u(4).
-195
Let z(o) = o**3 - 307*o**2 - 11223*o - 101. What is z(-33)?
-2
Let d(i) = 2*i**2 - 318*i + 6910. Determine d(133).
-6
Let b(h) = h**2 + 45*h - 2. Calculate b(-46).
44
Let v(i) = -2*i**3 + 33*i**2 + 242*i - 3. What is v(22)?
-3
Let o(t) = -5*t**2 - 4*t + 188. Calculate o(6).
-16
Let o(x) = -46*x + 145. Give o(5).
-85
Let o(u) = -22*u**3 + 19*u**2 - 34*u - 3. Calculate o(2).
-171
Let i(y) = -5*y**2 - 46*y - 70. Give i(-8).
-22
Let m(v) = v**2 + 56*v + 232. Give m(-8).
-152
Let f(a) = -a**3 + 14*a**2 + 34*a - 15. Determine f(16).
17
Let i(u) = 21*u - 95. Give i(20).
325
Let u(k) = -k**3 - 22*k**2 - 32*k + 169. Determine u(-20).
9
Let c(q) = q**3 - 39*q**2 - 28*q - 475. Calculate c(40).
5
Let v(c) = -c**3 + 4*c**2 + 11*c - 22. Determine v(6).
-28
Let c(k) = -k**3 + 9*k**2 + 29*k - 47. Give c(12).
-131
Let q(o) = -2*o**3 + 29*o**2 + 10*o + 64. What is q(15)?
-11
Let h(u) = 1400*u + 16827. Determine h(-12).
27
Let g(d) = d**2 - 3*d - 4. What is g(-7)?
66
Let y(j) = j**2 + 415*j + 40201. Give y(-154).
7
Let s(x) = -2*x**2 - 120*x + 518. What is s(4)?
6
Let k(f) = -2*f**3 - 19*f**2 - 44*f - 17. Determine k(-3).
-2
Let a(w) = -2*w**3 - 290*w**2 - 300*w - 1726. What is a(-144)?
2
Let f(a) = a**2 + 75*a + 341. What is f(-69)?
-73
Let v(g) = -5*g**3 - 5*g**2 - 5*g - 2. Determine v(-2).
28
Let t(p) = 4*p**2 + 819*p + 3269. Calculate t(-4).
57
Let f(a) = a**3 - 17*a**2 - 7*a + 28. Determine f(17).
-91
Let z(r) = -5*r**2 - 41*r + 13. Calculate z(-4).
97
Let i(s) = s**3 - 63*s**2 - 1169*s + 9. What is i(-15)?
-6
Let i(h) = h**2 + 40*h + 103. Give i(-35).
-72
Let v(r) = -r**3 + 12*r**2 - 25*r - 1. Determine v(4).
27
Let v(n) = 2*n**3 + 56*n**2 - n - 5. Calculate v(-28).
23
Let y(s) = 55*s - 442. What is y(12)?
218
Let h(a) = 5*a**2 + 88*a + 342. Calculate h(-12).
6
Let v(a) = -36*a**2 + 2234*a - 117. What is v(62)?
7
Let v(n) = -n**3 - 53*n**2 - 155*n - 245. What is v(-50)?
5
Let l(p) = 3513*p + 24594. Calculate l(-7).
3
Let z(g) = 16*g**3 + g**2 - 2*g + 1. Determine z(1).
16
Let h(f) = f**2 + 7*f - 87. Calculate h(-12).
-27
Let y(s) = 3*s**3 + 218*s**2 + 162*s + 1311. Determine y(-72).
15
Let s(u) = -u**2 + 139*u - 3763. Calculate s(37).
11
Let g(c) = -c**2 + 26*c + 48. Calculate g(16).
208
Let n(t) = -t**2 + 14*t + 227. Give n(-10).
-13
Let q(k) = 67*k - 1757. What is q(13)?
-886
Let z(k) = 2*k**2 + 129*k - 3. Determine z(-58).
-757
Let x(w) = 49*w - 3675. Calculate x(75).
0
Let d(p) = p**2 - 43*p + 169. What is d(37)?
-53
Let q(y) = 30*y + 4350. Give q(-145).
0
Let h(i) = 495*i + 1124. Calculate h(-2).
134
Let l(i) = 199*i**2 + 2*i - 4. What is l(0)?
-4
Let f(b) = 2*b**3 - 7*b**2 + 9*b + 24. What is f(3)?
42
Let v(f) = -f**2 + 37*f + 65. What is v(13)?
377
Let q(y) = 16*y + 133. Calculate q(-8).
5
Let f(p) = 9*p**3 - 126*p**2 + p - 9. What is f(14)?
5
Let c(q) = -517*q + 83769. Give c(162).
15
Let d(r) = 5*r**3 - 2*r**2 - 55*r - 139. Calculate d(-3).
-127
Let u(a) = 68*a**2 - a + 196. Calculate u(0).
196
Let b(u) = -u**3 - 7*u**2 - 22*u - 46. Give b(-4).
-6
Let m(b) = b**3 + 13*b**2 + 10*b + 12. What is m(-9)?
246
Let l(a) = -a**2 - 367*a - 2116. Calculate l(-6).
50
Let y(i) = 10*i + 69. Determine y(10).
169
Let h(q) = -2*q**2 + 28*q - 263. What is h(10)?
-183
Let a(j) = 17*j + 13. What is a(-3)?
-38
Let a(h) = -h**3 - 35*h**2 + 11905*h - 97. Calculate a(93).
-4
Let k(g) = -58*g + 680. Calculate k(15).
-190
Let y(a) = -10*a**2 - 112*a - 124. Determine y(-10).
-4
Let d(r) = 254*r - 1764. What is d(7)?
14
Let r(i) = 2*i**2 + 219*i - 1304. Calculate r(6).
82
Let n(z) = z**3 + 53*z**2 + 60*z + 30. Determine n(-52).
-386
Let y(o) = o**3 + 16*o**2 + 42*o + 188. Calculate y(-14).
-8
Let x(s) = -5*s**3 + 64*s**2 + 56*s - 9. Give x(-1).
4
Let l(u) = -2*u**2 - 53*u - 256. Calculate l(-21).
-25
Let a(w) = w**3 + 26*w**2 - 84*w + 50. What is a(-29)?
-37
Let z(x) = -x**3 + 25*x**2 - 40*x - 128. Give z(23).
10
Let l(u) = 12*u**2 + 23*u + 27. What is l(-1)?
16
Let l(c) = 105*c + 174. Calculate l(-10).
-876
Let r(b) = -3*b**2 - 21*b + 760. Give r(13).
-20
Let p(d) = 180*d + 419. Calculate p(-3).
-121
Let z(u) = 2227*u - 20044. What is z(9)?
-1
Let g(s) = s**3 + 2*s**2 - 4*s + 41. What is g(-5)?
-14
Let q(c) = -155*c + 5876. Calculate q(38).
-14
Let z(j) = j**2 - 240*j - 2513. Calculate z(-10).
-13
Let o(m) = -23*m + 499. What is o(21)?
16
Let t(b) = -b**3 + 9*b**2 - 15*b + 48. What is t(6)?
66
Let h(j) = 15*j - 200. Give h(13).
-5
Let u(n) = 13*n + 1335. What is u(-102)?
9
Let s(p) = -110*p - 6064. Give s(-54).
-124
Let y(h) = -1582*h - 33225. Calculate y(-21).
-3
Let x(d) = d**3 - 51*d**2 + 20*d + 1530. Give x(50).
30
Let t(c) = -352*c - 732. Give t(-2).
-28
Let t(r) = -791*r + 6922. Calculate t(9).
-197
Let t(h) = -28*h**2 + 63*h + 134. Calculate t(-2).
-104
Let b(c) = -c**2 + 428*c + 6635. Calculate b(-15).
-10
Let d(i) = 2*i**3 - 83*i**2 - 72*i + 1281. Calculate d(42).
21
Let d(y) = -5*y**2 - 54*y + 341. What is d(7)?
-282
Let i(c) = 3*c**2 - 18*c + 136. What is i(8)?
184
Let p(z) = -85*z - 366. What is p(-8)?
314
Let h(p) = -p**2 - 96*p - 544. Calculate h(-6).
-4
Let n(r) = -238*r - 44741. What is n(-188)?
3
Let o(y) = -10*y + 123. Give o(14).
-17
Let t(g) = g**2 + 19*g - 82. Calculate t(4).
10
Let g(q) = 2*q**3 - 15*q**2 - 10*q + 103. Calculate g(7).
-16
Let d(j) = -32*j - 904. What is d(-28)?
-8
Let q(i) = 2*i**3 + i**2 + 18*i + 27. Give q(0).
27
Let q(v) = v**3 + 21*v**2 - 3*v - 296. Give q(-18).
730
Let t(c) = -277*c - 2750. What is t(-10)?
20
Let o(y) = -21*y**3 + 63*y**2 - 32*y + 110. Determine o(3).
14
Let a(g) = -2*g**3 - 25*g**2 + 253*g + 2675. Determine a(-15).
5
Let t(w) = -w**2 - 26*w - 24. What is t(0)?
-24
Let z(m) = 845*m + 40598. Calculate z(-48).
38
Let a(c) = 14*c + 685. What is a(-75)?
-365
Let m(r) = -r**2 + 15*r + 91. Calculate m(19).
15
Let m(r) = -2*r**2 + 104*r + 486. What is m(55)?
156
Let s(w) = -6*w**2 + 30*w + 3. Calculate s(6).
-33
Let a(h) = -13*h**3 + 469*h**2 - 36*h - 15. What is a(36)?
-15
Let f(h) = -81*h + 485. Determine f(6).
-1
Let m(x) = -3*x**3 + 7*x**2 - 5*x + 6. Determine m(3).
-27
Let b(f) = 22*f**2 + 28*f + 80. Give b(-3).
194
Let a(w) = -264*w - 5118. What is a(-19)?
-102
Let b(a) = -124*a - 4204. Determine b(-34).
12
Let x(o) = 2*o**2 - 2*o + 8. Calculate x(7).
92
Let t(l) = l**2 + 17*l - 102. What is t(21)?
696
Let d(m) = -3*m**2 + 79*m - 491. Give d(19).
-73
Let q(m) = -m**3 + 16*m**2 + 11*m + 446. Give q(18).
-4
Let z(y) = y**3 + 25*y**2 - 31*y - 16. Determine z(-26).
114
Let c(i) = -i**3 - 47*i**2 - 91*i - 83. What is c(-45)?
-38
Let o(q) = -83*q + 653. What is o(8)?
-11
Let p(q) = q**3 - 233*q**2 - 11*q + 2600. Calculate p(233).
37
Let z(g) = g**2 - 638*g + 1922. Calculate z(3).
17
Let q(p) = 9*p**2 - 14*p - 3. Give q(4).
85
Let p(j) = -8*j**2 + 387*j + 139. Give p(47).
656
Let z(c) = -c**2 + 2*c + 5. What is z(0)?
5
Let g(c) = -c**3 - 18*c**2 + 57*c + 1192. What is g(-17)?
-66
Let o(n) = 2*n**3 + 